{"id":29,"date":"2025-07-08T23:26:23","date_gmt":"2025-07-08T21:26:23","guid":{"rendered":"https:\/\/camelia-studio.org\/alt-tab\/?page_id=29"},"modified":"2025-10-25T21:19:40","modified_gmt":"2025-10-25T19:19:40","slug":"qui-sommes-nous","status":"publish","type":"page","link":"https:\/\/camelia-studio.org\/alt-tab\/","title":{"rendered":"Qui sommes-nous ?"},"content":{"rendered":"\n<p>Bienvenue dans l&rsquo;atmosph\u00e8re vibrante et d\u00e9contract\u00e9e de notre communaut\u00e9 <strong>Alt Tab<\/strong> (anciennement <em>Zaap Sufokien<\/em>). Nos guildes sont bien plus que de simples regroupements de joueurs ; ce sont des familles virtuelles o\u00f9 r\u00e8gnent la camaraderie, le fun et l&rsquo;aventure. Que vous soyez un novice enthousiaste ou un v\u00e9t\u00e9ran aguerri, vous trouverez ici un refuge o\u00f9 vous pouvez \u00eatre vous-m\u00eame, explorer des mondes fantastiques et relever des d\u00e9fis \u00e9piques. Rejoignez-nous pour des soir\u00e9es endiabl\u00e9es, des \u00e9v\u00e9nements communautaires et des \u00e9changes enjou\u00e9s o\u00f9 l&rsquo;humour (douteux) et la bonne humeur sont toujours au rendez-vous. Dans nos guildes, chaque joueur est une pi\u00e8ce essentielle d&rsquo;un puzzle plus grand, o\u00f9 l&rsquo;amusement et la convivialit\u00e9 sont les ma\u00eetres mots.<\/p>\n\n\n\n<p><strong>Alt Tab<\/strong> est une branche de l&rsquo;association <strong>Cam\u00e9lia Studio<\/strong>, vous pouvez en savoir plus \u00e0 son sujet en consultant sa page web <a href=\"https:\/\/camelia-studio.org\/\">juste ici<\/a>.<\/p>\n\n\n<div class=\"wp-block-image\">\n<figure class=\"aligncenter size-full is-resized\"><img loading=\"lazy\" decoding=\"async\" width=\"1000\" height=\"1000\" src=\"https:\/\/camelia-studio.org\/alt-tab\/wp-content\/uploads\/sites\/3\/2025\/07\/Alt-Tab.png\" alt=\"\" class=\"wp-image-95\" style=\"width:auto;height:250px\" srcset=\"https:\/\/camelia-studio.org\/alt-tab\/wp-content\/uploads\/sites\/3\/2025\/07\/Alt-Tab.png 1000w, https:\/\/camelia-studio.org\/alt-tab\/wp-content\/uploads\/sites\/3\/2025\/07\/Alt-Tab-300x300.png 300w, https:\/\/camelia-studio.org\/alt-tab\/wp-content\/uploads\/sites\/3\/2025\/07\/Alt-Tab-150x150.png 150w, https:\/\/camelia-studio.org\/alt-tab\/wp-content\/uploads\/sites\/3\/2025\/07\/Alt-Tab-768x768.png 768w\" sizes=\"auto, (max-width: 1000px) 100vw, 1000px\" \/><\/figure>\n<\/div>","protected":false},"excerpt":{"rendered":"<p>Bienvenue dans l&rsquo;atmosph\u00e8re vibrante et d\u00e9contract\u00e9e de notre communaut\u00e9 Alt Tab (anciennement Zaap Sufokien). Nos guildes sont bien plus que de simples regroupements de joueurs &hellip;<\/p>\n","protected":false},"author":1,"featured_media":87,"parent":0,"menu_order":0,"comment_status":"closed","ping_status":"closed","template":"","meta":{"footnotes":""},"class_list":["post-29","page","type-page","status-publish","has-post-thumbnail","hentry"],"_links":{"self":[{"href":"https:\/\/camelia-studio.org\/alt-tab\/wp-json\/wp\/v2\/pages\/29","targetHints":{"allow":["GET"]}}],"collection":[{"href":"https:\/\/camelia-studio.org\/alt-tab\/wp-json\/wp\/v2\/pages"}],"about":[{"href":"https:\/\/camelia-studio.org\/alt-tab\/wp-json\/wp\/v2\/types\/page"}],"author":[{"embeddable":true,"href":"https:\/\/camelia-studio.org\/alt-tab\/wp-json\/wp\/v2\/users\/1"}],"replies":[{"embeddable":true,"href":"https:\/\/camelia-studio.org\/alt-tab\/wp-json\/wp\/v2\/comments?post=29"}],"version-history":[{"count":2,"href":"https:\/\/camelia-studio.org\/alt-tab\/wp-json\/wp\/v2\/pages\/29\/revisions"}],"predecessor-version":[{"id":240,"href":"https:\/\/camelia-studio.org\/alt-tab\/wp-json\/wp\/v2\/pages\/29\/revisions\/240"}],"wp:featuredmedia":[{"embeddable":true,"href":"https:\/\/camelia-studio.org\/alt-tab\/wp-json\/wp\/v2\/media\/87"}],"wp:attachment":[{"href":"https:\/\/camelia-studio.org\/alt-tab\/wp-json\/wp\/v2\/media?parent=29"}],"curies":[{"name":"wp","href":"https:\/\/api.w.org\/{rel}","templated":true}]}}