{"id":10,"date":"2025-07-09T13:34:21","date_gmt":"2025-07-09T11:34:21","guid":{"rendered":"https:\/\/camelia-studio.org\/sufokia\/?page_id=10"},"modified":"2025-07-18T19:32:26","modified_gmt":"2025-07-18T17:32:26","slug":"nos-evenements","status":"publish","type":"page","link":"https:\/\/camelia-studio.org\/sufokia\/nos-evenements\/","title":{"rendered":"Nos animations"},"content":{"rendered":"\n<p>Coucou ! Tu trouveras ci-dessous des d\u00e9tails concernant les divers \u00e9v\u00e9nements que nous organisons au sein de notre guilde.<\/p>\n\n\n\n<hr class=\"wp-block-separator has-alpha-channel-opacity\"\/>\n\n\n\n<h3 class=\"wp-block-heading\">Le Compagnator<\/h3>\n\n\n<div class=\"wp-block-image\">\n<figure class=\"aligncenter size-full\"><img loading=\"lazy\" decoding=\"async\" width=\"391\" height=\"211\" src=\"https:\/\/camelia-studio.org\/sufokia\/wp-content\/uploads\/sites\/7\/2025\/07\/image.png\" alt=\"\" class=\"wp-image-11\" srcset=\"https:\/\/camelia-studio.org\/sufokia\/wp-content\/uploads\/sites\/7\/2025\/07\/image.png 391w, https:\/\/camelia-studio.org\/sufokia\/wp-content\/uploads\/sites\/7\/2025\/07\/image-300x162.png 300w\" sizes=\"auto, (max-width: 391px) 100vw, 391px\" \/><\/figure>\n<\/div>\n\n\n<p>Des combats JcJ \u00e9piques pendant lesquels nos membres r\u00e8glent leurs comptes !<\/p>\n\n\n\n<p><strong>R\u00e8gles<\/strong> :<\/p>\n\n\n\n<ul class=\"wp-block-list\">\n<li>Combats au format 4 contre 4.<\/li>\n\n\n\n<li>Doublon de classe interdit.<\/li>\n\n\n\n<li>Faire mal \u00e0 ses ennemis, point bonus pour les humiliations (on adore les morts \u00e0 la Lib\u00e9ration).<\/li>\n<\/ul>\n\n\n\n<hr class=\"wp-block-separator has-alpha-channel-opacity\"\/>\n\n\n\n<h3 class=\"wp-block-heading\">Dropement Craft\u00e9<\/h3>\n\n\n<div class=\"wp-block-image\">\n<figure class=\"aligncenter size-full\"><img loading=\"lazy\" decoding=\"async\" width=\"358\" height=\"386\" src=\"https:\/\/camelia-studio.org\/sufokia\/wp-content\/uploads\/sites\/7\/2025\/07\/image-1.png\" alt=\"\" class=\"wp-image-12\" srcset=\"https:\/\/camelia-studio.org\/sufokia\/wp-content\/uploads\/sites\/7\/2025\/07\/image-1.png 358w, https:\/\/camelia-studio.org\/sufokia\/wp-content\/uploads\/sites\/7\/2025\/07\/image-1-278x300.png 278w\" sizes=\"auto, (max-width: 358px) 100vw, 358px\" \/><\/figure>\n<\/div>\n\n\n<p>Tu gal\u00e8res \u00e0 obtenir l&rsquo;objet de tes r\u00eaves ? Pas de soucis, on te l&rsquo;offre, c&rsquo;est aussi simple que cela !<\/p>\n\n\n\n<p><strong>R\u00e8gles<\/strong> :<\/p>\n\n\n\n<ul class=\"wp-block-list\">\n<li>Un membre de la guilde est tir\u00e9 au sort.<\/li>\n\n\n\n<li>Il choisi un \u00e9quipement de son choix (avec le jet d\u00e9sir\u00e9).<\/li>\n\n\n\n<li>Les membres de la guilde se plient en quatre pour lui offrir.<\/li>\n\n\n\n<li>Attention, il ne faut rien acheter, on doit drop ensemble toutes les ressources, nous occuper du craft ainsi que du fm nous-m\u00eame, sans aucune aide ext\u00e9rieure \u00e0 la guilde.<\/li>\n<\/ul>\n\n\n\n<hr class=\"wp-block-separator has-alpha-channel-opacity\"\/>\n\n\n\n<h3 class=\"wp-block-heading\">Kralajackpot<\/h3>\n\n\n<div class=\"wp-block-image\">\n<figure class=\"aligncenter size-full\"><img loading=\"lazy\" decoding=\"async\" width=\"310\" height=\"418\" src=\"https:\/\/camelia-studio.org\/sufokia\/wp-content\/uploads\/sites\/7\/2025\/07\/image-2.png\" alt=\"\" class=\"wp-image-13\" srcset=\"https:\/\/camelia-studio.org\/sufokia\/wp-content\/uploads\/sites\/7\/2025\/07\/image-2.png 310w, https:\/\/camelia-studio.org\/sufokia\/wp-content\/uploads\/sites\/7\/2025\/07\/image-2-222x300.png 222w\" sizes=\"auto, (max-width: 310px) 100vw, 310px\" \/><\/figure>\n<\/div>\n\n\n<p>La \u00ab <em>Sufokienne des Jeux<\/em> \u00bb pr\u00e9sente le \u00ab <em>Kralajackpot<\/em> \u00bb. Une cagnotte al\u00e9atoire, toujours pleine de belles surprises. Qui repartira avec le slip du meneur ce mois-ci ?<\/p>\n\n\n\n<p><strong>R\u00e8gles<\/strong> :<\/p>\n\n\n\n<ul class=\"wp-block-list\">\n<li>Les membres qui le souhaitent peuvent donner ce qu&rsquo;ils souhaitent pour une grande cagnotte.<\/li>\n\n\n\n<li>On tire au sort l&rsquo;un des participants qui rafle tout ce qui a \u00e9t\u00e9 donn\u00e9.<\/li>\n\n\n\n<li>Pas de limite sur les dons, \u00e9quipements obsol\u00e8tes, ressources sordides, le respect (mais il faut d\u00e9j\u00e0 le trouver) ou encore des kamas en chocolat, tout est accept\u00e9.<\/li>\n<\/ul>\n\n\n\n<hr class=\"wp-block-separator has-alpha-channel-opacity\"\/>\n\n\n\n<h3 class=\"wp-block-heading\">Korriandouille<\/h3>\n\n\n<div class=\"wp-block-image\">\n<figure class=\"aligncenter size-full\"><img loading=\"lazy\" decoding=\"async\" width=\"273\" height=\"353\" src=\"https:\/\/camelia-studio.org\/sufokia\/wp-content\/uploads\/sites\/7\/2025\/07\/image-3.png\" alt=\"\" class=\"wp-image-14\" srcset=\"https:\/\/camelia-studio.org\/sufokia\/wp-content\/uploads\/sites\/7\/2025\/07\/image-3.png 273w, https:\/\/camelia-studio.org\/sufokia\/wp-content\/uploads\/sites\/7\/2025\/07\/image-3-232x300.png 232w\" sizes=\"auto, (max-width: 273px) 100vw, 273px\" \/><\/figure>\n<\/div>\n\n\n<p>Tu penses \u00eatre un PGM ? Alors on t&rsquo;offre la possibilit\u00e9 de le prouver afin de finir dans notre \u00ab panth\u00e9on \u00bb !<\/p>\n\n\n\n<p><strong>R\u00e8gles<\/strong> :<\/p>\n\n\n\n<ul class=\"wp-block-list\">\n<li>On s\u00e9lectionne un donjon marrant (par exemple : le Glourc\u00e9leste).<\/li>\n\n\n\n<li>On impose des r\u00e8gles dr\u00f4les pour le r\u00e9aliser (par exemple : n&rsquo;infliger que des dommages de pouss\u00e9s sur le boss).<\/li>\n\n\n\n<li>On met la t\u00eate de la premi\u00e8re personne qui r\u00e9alise notre exploit maison dans le \u00ab panth\u00e9on \u00bb.<\/li>\n<\/ul>\n\n\n\n<hr class=\"wp-block-separator has-alpha-channel-opacity\"\/>\n\n\n\n<h3 class=\"wp-block-heading\">D\u00e9caflip<\/h3>\n\n\n<div class=\"wp-block-image\">\n<figure class=\"aligncenter size-full\"><img loading=\"lazy\" decoding=\"async\" width=\"314\" height=\"55\" src=\"https:\/\/camelia-studio.org\/sufokia\/wp-content\/uploads\/sites\/7\/2025\/07\/image-4.png\" alt=\"\" class=\"wp-image-15\" srcset=\"https:\/\/camelia-studio.org\/sufokia\/wp-content\/uploads\/sites\/7\/2025\/07\/image-4.png 314w, https:\/\/camelia-studio.org\/sufokia\/wp-content\/uploads\/sites\/7\/2025\/07\/image-4-300x53.png 300w\" sizes=\"auto, (max-width: 314px) 100vw, 314px\" \/><\/figure>\n<\/div>\n\n\n<p>Des fois, il arrive que l&rsquo;on s\u2019ennuie, alors on demande \u00e0 \u00c9caflip d&rsquo;\u00e9gayer notre journ\u00e9e.<\/p>\n\n\n\n<p><strong>R\u00e8gles<\/strong> :<\/p>\n\n\n\n<ul class=\"wp-block-list\">\n<li>On utilise notre superbe outil maison la <a href=\"https:\/\/cila.camelia-studio.org\/roulette-donjons\/\">Roulette \u00e0 donjons<\/a>.<\/li>\n\n\n\n<li>On clique sur \u00ab\u00a0tourner la roulette\u00a0\u00bb et l&rsquo;on part r\u00e9aliser tous ensemble, dans la joie, ce que le dieu \u00c9caflip nous a choisi.<\/li>\n\n\n\n<li>Oui, parfois, c&rsquo;est aussi simple que cela.<\/li>\n<\/ul>\n\n\n\n<hr class=\"wp-block-separator has-alpha-channel-opacity\"\/>\n\n\n\n<h3 class=\"wp-block-heading\">Fluffokia<\/h3>\n\n\n<div class=\"wp-block-image\">\n<figure class=\"aligncenter size-full is-resized\"><img loading=\"lazy\" decoding=\"async\" width=\"804\" height=\"616\" src=\"https:\/\/camelia-studio.org\/sufokia\/wp-content\/uploads\/sites\/7\/2025\/07\/image-5.png\" alt=\"\" class=\"wp-image-16\" style=\"width:350px\" srcset=\"https:\/\/camelia-studio.org\/sufokia\/wp-content\/uploads\/sites\/7\/2025\/07\/image-5.png 804w, https:\/\/camelia-studio.org\/sufokia\/wp-content\/uploads\/sites\/7\/2025\/07\/image-5-300x230.png 300w, https:\/\/camelia-studio.org\/sufokia\/wp-content\/uploads\/sites\/7\/2025\/07\/image-5-768x588.png 768w\" sizes=\"auto, (max-width: 804px) 100vw, 804px\" \/><\/figure>\n<\/div>\n\n\n<p>Tu souhaites faire profiter le Monde des Douze tout entier de ton pelage soyeux ? C&rsquo;est le moment !<\/p>\n\n\n\n<p><strong>R\u00e8gles<\/strong> :<\/p>\n\n\n\n<ul class=\"wp-block-list\">\n<li>De temps \u00e0 autre, on organise un petit concours d&rsquo;apparat.<\/li>\n\n\n\n<li>Il peut y avoir des restrictions, comme un th\u00e8me ou un objet impos\u00e9.<\/li>\n\n\n\n<li>Un jury impartial (qui s&rsquo;est laiss\u00e9 corrompre seulement dix huit fois), d\u00e9cide d&rsquo;un vainqueur.<\/li>\n<\/ul>\n","protected":false},"excerpt":{"rendered":"<p>Coucou ! Tu trouveras ci-dessous des d\u00e9tails concernant les divers \u00e9v\u00e9nements que nous organisons au sein de notre guilde. Le Compagnator Des combats JcJ \u00e9piques pendant lesquels nos membres r\u00e8glent leurs comptes ! R\u00e8gles : Dropement Craft\u00e9 Tu gal\u00e8res \u00e0 obtenir l&rsquo;objet de tes r\u00eaves ? Pas de soucis, on te l&rsquo;offre, c&rsquo;est aussi simple [&hellip;]<\/p>\n","protected":false},"author":1,"featured_media":26,"parent":0,"menu_order":0,"comment_status":"closed","ping_status":"closed","template":"","meta":{"footnotes":""},"class_list":["post-10","page","type-page","status-publish","has-post-thumbnail","hentry"],"_links":{"self":[{"href":"https:\/\/camelia-studio.org\/sufokia\/wp-json\/wp\/v2\/pages\/10","targetHints":{"allow":["GET"]}}],"collection":[{"href":"https:\/\/camelia-studio.org\/sufokia\/wp-json\/wp\/v2\/pages"}],"about":[{"href":"https:\/\/camelia-studio.org\/sufokia\/wp-json\/wp\/v2\/types\/page"}],"author":[{"embeddable":true,"href":"https:\/\/camelia-studio.org\/sufokia\/wp-json\/wp\/v2\/users\/1"}],"replies":[{"embeddable":true,"href":"https:\/\/camelia-studio.org\/sufokia\/wp-json\/wp\/v2\/comments?post=10"}],"version-history":[{"count":3,"href":"https:\/\/camelia-studio.org\/sufokia\/wp-json\/wp\/v2\/pages\/10\/revisions"}],"predecessor-version":[{"id":51,"href":"https:\/\/camelia-studio.org\/sufokia\/wp-json\/wp\/v2\/pages\/10\/revisions\/51"}],"wp:featuredmedia":[{"embeddable":true,"href":"https:\/\/camelia-studio.org\/sufokia\/wp-json\/wp\/v2\/media\/26"}],"wp:attachment":[{"href":"https:\/\/camelia-studio.org\/sufokia\/wp-json\/wp\/v2\/media?parent=10"}],"curies":[{"name":"wp","href":"https:\/\/api.w.org\/{rel}","templated":true}]}}